{"id":25,"date":"2021-11-29T20:03:37","date_gmt":"2021-11-29T20:03:37","guid":{"rendered":"https:\/\/boring-stonebraker.94-130-70-101.plesk.page\/index.php\/login\/"},"modified":"2021-12-08T13:20:35","modified_gmt":"2021-12-08T13:20:35","slug":"prijava","status":"publish","type":"page","link":"https:\/\/pine.plavipixel.com.hr\/index.php\/prijava\/","title":{"rendered":"Prijava"},"content":{"rendered":"<!-- directorist-shortcode:: [directorist_user_login] --><div class=\"directorist-login-wrapper directorist-w-100\">\n    <div class=\"directorist-container-fluid\">\n        <div class=\"directorist-row\">\n            <div class=\"directorist-col-md-6 directorist-offset-md-3\">\n                <div class=\"atbdp_login_form_shortcode\">\n                                                <form action=\"#\" id=\"login\" method=\"POST\">\n                                <div class=\"directorist-form-group directorist-mb-15\">\n                                    <label for=\"username\">Korisni\u010dko ime ili email adresa<\/label>\n                                    <input type=\"text\" class=\"directorist-form-element\" id=\"username\" name=\"username\">\n                                <\/div>\n\n                                <div class=\"directorist-form-group directorist-mb-15\">\n                                    <label for=\"password\">Lozinka<\/label>\n                                    <input type=\"password\" id=\"password\" autocomplete=\"off\" name=\"password\" class=\"directorist-form-element\">\n                                <\/div>\n\n                                <div class=\"directorist-form-group atbd_login_btn_wrapper directorist-mb-15\">\n                                    <button class=\"directorist-btn directorist-btn-block directorist-btn-primary\" type=\"submit\" value=\"Prijava\" name=\"submit\">Prijava<\/button>\n                                    <input type=\"hidden\" id=\"security\" name=\"security\" value=\"1dcfa98c35\" \/><input type=\"hidden\" name=\"_wp_http_referer\" value=\"\/index.php\/wp-json\/wp\/v2\/pages\/25\" \/>                                <\/div>\n                                <p class=\"status\"><\/p>\n\n                                <div class=\"keep_signed directorist-checkbox directorist-mb-15\">\n                                                                            <input type=\"checkbox\" id=\"keep_signed_in\" value=\"1\" name=\"keep_signed_in\" checked>\n                                        <label for=\"keep_signed_in\" class=\"directorist-checkbox__label not_empty\">\n                                            Zapamti me                                        <\/label>\n                                <\/div>\n                                <p><a href='' class='atbdp_recovery_pass'> Obnovi lozinku<\/a><\/p>                            <\/form>\n\n                            <div class=\"atbd_social_login\">\n                                            <button type=\"button\" disabled class=\"btn fb-login az-fb-login-btn\">\r\n                <span class=\"azbdp-fb-loading\"><span class=\"fa fa-spin fa-spinner\"><\/span><\/span>\r\n                <span class=\"fa fa-facebook\"><\/span> Facebook            <\/button>\r\n\r\n            <button type=\"button\" disabled class=\"btn fb-google az-gg-login-btn\">\r\n                <span class=\"azbdp-gg-loading\"><span class=\"fa fa-spin fa-spinner\"><\/span><\/span>\r\n                <span class=\"fa fa-google\"><\/span> Google            <\/button>\r\n                                        <\/div>\n\n                                                            <p>\n                                    Nema\u0161 ra\u010dun?                                    <a href=\"https:\/\/pine.plavipixel.com.hr\/index.php\/registracija\/\">Registriraj se<\/a>\n                                <\/p>\n                            \n\t\t\t\t\t<div id=\"recover-pass-modal\" class=\"directorist-mt-15\">\n\t\t\t\t\t\t<form method=\"post\">\n\t\t\t\t\t\t\t<fieldset class=\"directorist-form-group\">\n\t\t\t\t\t\t\t\t<p>Izgubili ste lozinku? Molim upi\u0161ite svoju adresu e-po\u0161te. Primit \u0107ete vezu za izradu nove lozinke putem e-po\u0161te.<\/p>\n\t\t\t\t\t\t\t\t<label for=\"reset_user_login\">E-mail adresa<\/label>\n\t\t\t\t\t\t\t\t<input type=\"text\" class=\"directorist-form-element\" name=\"user_login\" id=\"reset_user_login\" value=\"\" placeholder=\"eg. mail@example.com\" required=\"required\" \/>\n\t\t\t\t\t\t\t\t<p>\n\t\t\t\t\t\t\t\t\t<input type=\"hidden\" name=\"action\" value=\"reset\" \/>\n\t\t\t\t\t\t\t\t\t<button type=\"submit\" class=\"directorist-btn directorist-btn-primary\" id=\"submit\">Nova lozinka<\/button>\n\t\t\t\t\t\t\t\t\t<input type=\"hidden\" value=\"f0bbb6fc20\" name=\"directorist_nonce\">\n\t\t\t\t\t\t\t\t<\/p>\n\t\t\t\t\t\t\t<\/fieldset>\n\t\t\t\t\t\t<\/form>\n\t\t\t\t\t<\/div>\n                <\/div>\n            <\/div>\n        <\/div>\n    <\/div>\n<\/div>\n\n","protected":false},"excerpt":{"rendered":"","protected":false},"author":1,"featured_media":0,"parent":0,"menu_order":0,"comment_status":"closed","ping_status":"closed","template":"","meta":{"footnotes":""},"class_list":["post-25","page","type-page","status-publish","hentry"],"_links":{"self":[{"href":"https:\/\/pine.plavipixel.com.hr\/index.php\/wp-json\/wp\/v2\/pages\/25","targetHints":{"allow":["GET"]}}],"collection":[{"href":"https:\/\/pine.plavipixel.com.hr\/index.php\/wp-json\/wp\/v2\/pages"}],"about":[{"href":"https:\/\/pine.plavipixel.com.hr\/index.php\/wp-json\/wp\/v2\/types\/page"}],"author":[{"embeddable":true,"href":"https:\/\/pine.plavipixel.com.hr\/index.php\/wp-json\/wp\/v2\/users\/1"}],"replies":[{"embeddable":true,"href":"https:\/\/pine.plavipixel.com.hr\/index.php\/wp-json\/wp\/v2\/comments?post=25"}],"version-history":[{"count":1,"href":"https:\/\/pine.plavipixel.com.hr\/index.php\/wp-json\/wp\/v2\/pages\/25\/revisions"}],"predecessor-version":[{"id":345,"href":"https:\/\/pine.plavipixel.com.hr\/index.php\/wp-json\/wp\/v2\/pages\/25\/revisions\/345"}],"wp:attachment":[{"href":"https:\/\/pine.plavipixel.com.hr\/index.php\/wp-json\/wp\/v2\/media?parent=25"}],"curies":[{"name":"wp","href":"https:\/\/api.w.org\/{rel}","templated":true}]}}